4 = -4*x, -3 = -3*h. What is the units digit of x?
0
Suppose 29 = 5*f + 3*p, 3 = 3*p - 6. Let d = 16 - f. What is the units digit of d?
2
Let l(z) = -3*z**3 - 5*z**2 + 8. Let b(t) = t**3 + t - 1. Let k(m) = -4*b(m) - l(m). Let a be k(4). What is the units digit of 1/3 - a/6?
1
Suppose -2*h - 4*p - 11 = -143, 5*h + 3*p = 337. What is the units digit of h?
8
Suppose 4*s + 34 = -y, 6*s - 2*y + 36 = s. What is the units digit of 1 - s*2/4?
5
What is the tens digit of (-190 - 1)*(-12 - -3)/9?
9
Suppose -k = 3*q - 6*k - 134, -k - 4 = 0. What is the tens digit of q?
3
Let x be 3/((-3)/(-21)*-1). Let y = x + 57. Suppose 3*s = -s + y. What is the units digit of s?
9
Let j = 5 + -2. Suppose -2*t = -j*w - 27, 0 = w + 4*w - 25. Suppose 0 = -3*y + 3 + t. What is the units digit of y?
8
Let k(q) = -q**3 - 3*q**2 + 4*q + 3. Let d be k(-4). Suppose 0 = -4*x + 3*x - d*g - 3, 41 = 3*x - g. What is the tens digit of x?
1
Suppose 0 = -5*o + 15, -5*y + 79 = 2*o + o. What is the units digit of y?
4
Let f = 3 + 7. Suppose -4*t + a + f = -53, 2 = 2*a. What is the units digit of t?
6
Suppose 4*n - 7 = 2*n + a, -3*a - 13 = -2*n. Suppose 2*z = 5*g - 2, -3*z + n*g + 7 = -12. What is the units digit of (-3)/z - (-20)/6?
3
Suppose 0 = 4*b - 10 - 6. Let u(g) = 3*g**2 + 4*g + 2. Let z be u(-2). Let w = z + b. What is the units digit of w?
0
Let m be 10*(18/(-15) + 2). Suppose 0 = 2*g + 21 - 9. What is the units digit of m/6*(-27)/g?
6
Let j(g) = -g**2 - 13*g + 8. What is the tens digit of j(-11)?
3
Suppose 0*o - 65 = -5*o. What is the units digit of o?
3
Let r be (-2)/5 - 44/(-10). Let i = r - 2. Suppose -i*w = -5*w + 24. What is the units digit of w?
8
Let j be (-6)/5 - (-4)/20. Let p = j + 5. What is the units digit of p?
4
Suppose 2*b = 4*b + 3*l - 22, 0 = -2*b + 3*l + 34. Let n = -1 + b. What is the tens digit of n?
1
Let i = 12 + -20. Let k(b) = 20*b**3 + 1. Let y be k(-1). Let s = i - y. What is the tens digit of s?
1
Suppose -6*s + 69 = -3*s. What is the tens digit of s?
2
Suppose 4*m = -16 - 0. Let l = 4 - m. What is the units digit of l?
8
Suppose -w - 20 = 4*w. What is the units digit of 1*(-1 - 16/w)?
3
Let n(t) = 4*t**3 - t**2 - 9*t. What is the tens digit of n(3)?
7
Suppose 3*g = 4*v - 63, 4*g - 15 + 3 = 0. What is the units digit of v?
8
What is the tens digit of (-46)/4*(1 - 3)?
2
Let t = -83 - -132. What is the units digit of t?
9
Suppose 3*j = 7*j - 16. Let b(m) = -m**2 + 6*m + 6. Let q be b(7). Let a = j + q. What is the units digit of a?
3
What is the units digit of 738/14 + 6/21?
3
Let p(t) = t**3 + 6*t**2 + 6*t + 5. Let c be p(-5). Let g = 8 - c. Suppose 0 = 2*y - g. What is the units digit of y?
4
Suppose i = -16 + 32. What is the units digit of i?
6
Let b = -15 + 21. Let y(m) = -3 + b - 4*m - m**2 + 1. What is the units digit of y(-4)?
4
Let c be 8/36 - 16/(-9). Suppose -2*l = 2*l - 4. Suppose -15 + l = -c*a. What is the units digit of a?
7
Suppose 4*f - 17 = -5. Suppose -19 + f = -m. What is the units digit of m?
6
What is the units digit of (-2)/(-9) + 3872/72?
4
Let t be (2/2 - 1)/(-1). Suppose t = -0*h + 2*h - 52. What is the units digit of h?
6
Let a(i) = -i**3 - 11*i**2 + i + 22. What is the units digit of a(-11)?
1
Let n(d) = -d**3 - d**2 - d. Let q be n(0). Suppose q*z + 3*z - 39 = 0. Suppose 2*p - 15 - z = 0. What is the tens digit of p?
1
Suppose -109 = -5*n - 3*i, -4*n + 3 = 4*i - 89. What is the units digit of n/(-40) + (-58)/(-4)?
4
Suppose -3*f + 117 = -75. What is the tens digit of f?
6
Let m = 252 + -147. What is the tens digit of m?
0
Let t(i) = -5*i**2 - 8*i - 4. Let u(s) = -6*s**2 - 9*s - 4. Suppose -14 = 2*r - 4. Let c(q) = r*t(q) + 4*u(q). What is the units digit of c(-3)?
1
Suppose 3*t = 13 - 1. Suppose -2*j = t*x - 140, 2*j + 45 = x + 10. Suppose 4*n + 2*m - 12 = 0, -n - 2*n + 5*m = -x. What is the units digit of n?
5
Suppose 0 = -w - 0*w. Suppose w*j = -j + 11. What is the units digit of j?
1
Suppose -20 = -2*m + 18. What is the units digit of m?
9
Suppose -4*b = -38 - 34. What is the tens digit of b?
1
Suppose 5*v - 2*v - 14 = -5*l, 5*v = -l + 16. Suppose b - p = -0*b - 21, -v*p = 2*b + 57. Let f = b + 38. What is the units digit of f?
4
Let m = 85 - 35. What is the tens digit of m?
5
Let q be 6 + (-3*3)/(-3). Suppose -h = -10 - q. What is the units digit of h?
9
Let d(w) = -w + 0*w**2 - 3*w**2 + w**2 - 18*w**3. What is the tens digit of d(-1)?
1
Let t(p) = -21*p - 18. Let q(i) = -6*i - 5. Let w(j) = 18*q(j) - 5*t(j). Let s be w(-2). Let g(b) = 2*b + 2. What is the units digit of g(s)?
4
What is the tens digit of 51/(((-1)/2)/(1/(-2)))?
5
Suppose -4*u + 5 + 7 = 0. Suppose 5*c + u*f - 33 = 0, c - f + 5*f + 7 = 0. What is the units digit of c?
9
Let l(g) = 4*g**2 + 7. What is the tens digit of l(4)?
7
Let k(j) = 3 - 1 - 2*j - j**3 + 5*j - 5*j**2 - 2*j. What is the units digit of k(-6)?
2
What is the units digit of ((-6)/9)/((-6)/279)?
1
What is the units digit of 6*((-817)/(-18) - 17/(-153))?
3
Suppose -n + 0*n = -5. Suppose n*b - 2 = 2*w + 1, -4*w + 9 = 5*b. What is the units digit of w?
1
Suppose 0 = -y + 3, -16 - 46 = -5*j - 4*y. What is the units digit of 132/30 + (-4)/j?
4
Let m be -4 - (-1 - -40)/1. Let y(w) = -8*w**2 + 4*w. Let z be y(3). Let v = m - z. What is the units digit of v?
7
Let y(k) be the second derivative of k**4/12 - 2*k**3/3 - k**2/2 + k. Let o be y(5). Let l = o + 4. What is the units digit of l?
8
What is the tens digit of (-7)/(-196)*4 - 1426/(-14)?
0
Suppose -117 = -5*l + a, -l = 5*a - 3*a - 19. What is the units digit of l?
3
Let c(r) be the first derivative of 4*r**5/15 - r**4/24 + r**3/6 + r**2/2 + 2. Let p(v) be the second derivative of c(v). What is the units digit of p(1)?
6
Let n(c) = -2*c + 4. Let r(m) = -m + 4. Let h be r(7). What is the units digit of n(h)?
0
Suppose -3*x - 30 = -7*x + 2*m, 5*x + 5*m - 30 = 0. Let c = -7 + x. Let d = 2 - c. What is the units digit of d?
2
Let x = -11 - -9. Let c = x - -8. What is the units digit of c?
6
Let n(j) = j**2 - 3*j - 2. Let i be n(4). Suppose 4*p - 20 = -b - 7, 0 = -4*p + b + 3. Let y = i + p. What is the units digit of y?
4
Let d = -4 + 2. What is the units digit of d + 4 + -1 + 6?
7
Suppose 0 = 3*w - 4*w + 5*o + 14, 0 = 2*w - o - 37. What is the units digit of w?
9
Suppose 5*r = -0*r + 935. What is the tens digit of r?
8
Let v = -6 - -48. What is the units digit of v?
2
What is the tens digit of (21/(-14))/((-1)/28)?
4
Let x be (0/(5 + -2))/(-1). Suppose -w - 2 + x = 0. What is the units digit of (w/5)/(1/(-10))?
4
Let k(w) = 2*w - 6. Let b be k(4). Suppose 0 = -b*d - 3*d. Suppose x + x - 16 = d. What is the units digit of x?
8
Let m = -160 - -233. What is the tens digit of m?
7
Let d be 646/26 + 4/26. Suppose 0 = -4*l + d - 5. What is the units digit of l?
5
Let f(v) = -2*v + 7. Let w be f(6). What is the units digit of w + 22 + (0 - 1)?
6
Suppose 3*z + 0*b - 4*b - 149 = 0, -3*z + b + 134 = 0. What is the units digit of z?
3
Let c(n) = -n - 10. Let i be c(-7). Let a be (-8)/(-2)*(1 + 1). Let g = a + i. What is the units digit of g?
5
Suppose 4*c - 390 = -2*n, 3*c - 297 = -2*n + 5*n. What is the tens digit of c?
9
Let v(x) = -x**3 + 11*x**2 + 3*x - 5. Let i be v(11). Suppose 0 = 2*s + b - i, 3*b + 5 = -7. What is the units digit of s?
6
Let w = -5 + 9. Let l = 3 - 1. Suppose w = 2*r - l. What is the units digit of r?
3
Suppose -7*b + 5*b + 114 = 0. What is the tens digit of b?
5
Let s be ((-1)/(-2))/(1/2). Let i = 3 - s. What is the units digit of (-46 + i)*2/(-8)?
1
Let t = 74 - -151. What is the hundreds digit of t?
2
Let c(z) = 5 - 8*z - 1 + 4 + 2*z**2. Let v be c(6). Suppose v = m + 3*m. What is the units digit of m?
8
Let s(y) = 4*y - 1. Suppose -2*i = -0*i - 4. What is the units digit of s(i)?
7
Let j be 8/36 + 25/9. Suppose -16 = j*w - 1. What is the units digit of 56/6 - w/(-15)?
9
Suppose -5*j + 716 = 2*i, -j - 3*i + 138 = -0*j. What is the tens digit of j?
4
Let i(m) = -3*m + 2. Let h be i(6). Let k = 15 - h. What is the tens digit of k?
3
Let z(j) be the second derivative of -j**5/20 - 2*j**4/3 - j**3/2 - 2*j**2 + 4*j. What is the tens digit of z(-8)?
2
Let f(x) = x + 1. Let j(h) be the first derivative of -h**2 - 8*h + 1. Let r(g) = -3*f(g) - j(g). What is the units digit of r(-4)?
9
Let m = 59 - -16. Suppose -3*k = -3*n - m, -3*n +